 - 2*r**3. Let c be j(0). What is the highest common factor of 168 and c?
21
Let q(f) = -f**3 + 6*f**2 - 2*f - 10. Let g be q(-3). Let t = -14 + 21. What is the highest common divisor of g and t?
7
Suppose 10*o - 11*o = 0. Suppose 4*g + 0*g + 16 = o. Let x be 1*(-4 - g) + 64. What is the greatest common divisor of x and 16?
16
Let t be -1*-2*(-2)/(-4). Let j = 6 - 1. Let v be j - (-4 + 7)/(-1). What is the highest common factor of t and v?
1
Let o(b) = -81*b**3 - b**2 - b - 1. Suppose -i + 2 = c + 3, -5*i = c + 5. Let d be o(i). Calculate the greatest common divisor of d and 10.
10
Let h(y) = 6*y - 20 + 5 - 3*y + 2*y. Let t be h(6). Calculate the highest common divisor of 9 and t.
3
Suppose -4*i - 7 = -3*x, -2*x - 4*i = -4*x - 2. Suppose -h + 47 = 8. Let r be h + 2*x/(-6). What is the greatest common divisor of 12 and r?
12
Let r = 165 + -121. Calculate the greatest common factor of 506 and r.
22
Suppose 0 = s + 3*c - 7 - 7, 3*c = 2*s - 46. Calculate the highest common divisor of s and 32.
4
Suppose 4*z - 94 = -w, 3*z + 5 - 2 = 0. Let m(x) = 26*x + 28. Let j be m(0). What is the greatest common factor of j and w?
14
Suppose -4*d = -d + 15, -5*d = 3*i - 83. What is the highest common divisor of i and 126?
18
Suppose j - f + 4 = 0, 2*j = -0*f + 5*f - 8. Let q be (-1 - (2 - 2)) + j. Let b = -2 - q. Calculate the highest common divisor of b and 12.
3
Let w = 485 + -475. What is the greatest common factor of 16 and w?
2
Let l be 2 + 3 + -5 + 3. Let v be (l - 4)/((-1)/75). What is the greatest common divisor of v and 30?
15
Suppose -104*o - 432 = -113*o. Calculate the greatest common factor of o and 72.
24
Let o(m) = -8*m - 322. Let i be o(-47). What is the highest common divisor of 162 and i?
54
Suppose 3*a - 2*w - 2*w - 135 = 0, -w = 0. Calculate the highest common divisor of a and 18.
9
Suppose -2*j - 1341 - 1205 = -2*u, 3*u + 5*j = 3819. Calculate the greatest common divisor of 19 and u.
19
Suppose 0 = 4*d + 4*i + 402 - 50, -4*d = 5*i + 352. Let h = -24 - d. Calculate the greatest common divisor of h and 16.
16
Let w be (1/3)/(4/1212). Suppose 5*i - w = -3*f, 3*f - 5*i = -8*i + 99. What is the greatest common factor of 8 and f?
8
Let s(d) = -d**3 - 16*d**2 + 18*d + 21. Let k be s(-17). Let g be 290/k - (-5)/(-10). Calculate the highest common factor of g and 8.
8
Suppose -8*r + 335 = -1073. Calculate the greatest common divisor of r and 22.
22
Let q be ((-258)/12)/(14/4 + -4). Calculate the highest common divisor of 129 and q.
43
Let u be (5 + -3 + -4)/((-1)/7). Suppose 4*s - 5*a = 24 - 5, -5*a = -s - u. What is the highest common factor of 88 and s?
11
Let m be (-7)/((-14)/(-8)) - 22. Let w = m - -42. Let k be (-20)/(-6)*192/5. What is the greatest common divisor of w and k?
16
Suppose -42*q + 27*q + 7245 = 0. Calculate the highest common factor of 21 and q.
21
Suppose 2*d = -2*a, -4*a - 3 - 12 = -d. Suppose 4*y - 280 = -4*n, -d*n + 3*y + 30 = -150. Calculate the highest common factor of 13 and n.
13
Suppose -m - 3*m - 3*l + 67 = 0, 0 = 3*l - 3. Suppose 77 = -7*h + 91. What is the highest common factor of m and h?
2
Let i = -27 + 31. Let v = -30 - -26. Let k be v/10 + (-1312)/(-80). Calculate the highest common factor of k and i.
4
Suppose -31 = -5*j - 16. Let b be ((-3)/j)/(6/(-78)). Calculate the highest common divisor of b and 39.
13
Suppose 7*o = 8*o - 5. Suppose o = 3*f - 4. What is the highest common factor of f and 3?
3
Let o be (-4 + 1)*(-2 + 9). Let u = o - -35. Let m be (-40)/15*(-3)/4. Calculate the highest common divisor of m and u.
2
Let n be 11/(110/48)*(-2 + 242). Calculate the greatest common factor of n and 16.
16
Let x(t) = 3*t**3 + 2*t**2 - 2*t. Let u be x(1). Let b be u + -2*(4 - 2). Let o(m) = 34*m**2 + 1. Let h be o(b). What is the greatest common factor of 14 and h?
7
Let z = 316 + -300. Calculate the highest common divisor of 112 and z.
16
Let v(n) = -n**3 + 61*n**2 + 2*n + 131. Let a be v(61). Calculate the greatest common factor of 23 and a.
23
Let j = 90 - 37. Let d = -37 + j. What is the greatest common factor of d and 160?
16
Let g(y) = 5*y**2 + 2*y - 1. Let b be g(1). Suppose 5*n = -11 - 9, -3*a = 4*n + 34. Let l be (-8)/48 - 37/a. Calculate the highest common factor of b and l.
6
Suppose -3*r + 16 = 5*t, 6 = 3*r + 2*t - 4. Let x(h) = 3*h**2 - 2*h + 2. Let b be x(r). Suppose 2*u + 0*u = 80. Calculate the greatest common factor of b and u.
10
Let h be (-4)/(-14) + 51957/63. What is the highest common factor of 33 and h?
33
Let x be (306/15)/((-16)/(-40)). What is the highest common factor of 663 and x?
51
Let x be (-5 + 1)/8*-6. Suppose -17 = -2*j + x*n, j + n - 10 = 2*n. Let a be -1*2*364/(-8). What is the greatest common factor of j and a?
13
Let l be 26 + (0 - 2) + 1. Let v = -68 + 118. What is the greatest common factor of l and v?
25
Let p = -114 + 128. Suppose 64 = -10*d + p*d. What is the highest common factor of 144 and d?
16
Let x be (15 - 6)/((-10)/(-4) + -3). Let y = 22 + x. What is the greatest common factor of 2 and y?
2
Let f be (-14)/(-3) - 4/(-12). Suppose -5*o + 0*c = 4*c - 23, 4*c - 8 = 0. Suppose 3*n = 12, l = n + o*n - 6. What is the greatest common divisor of l and f?
5
Let g = 402 + -347. What is the greatest common divisor of g and 44?
11
Let g be 43 - -21*5/(-15). What is the greatest common factor of g and 324?
36
Suppose 0 = 91*j - 93*j + 316. Calculate the greatest common divisor of j and 2.
2
Suppose 5*p - 4*i + 140 = -5*i, 3*p + 102 = 3*i. Let a be p/(6/(-18)*3). Calculate the greatest common factor of a and 145.
29
Let i = 343 + -92. Suppose i*s = 250*s + 14. Calculate the highest common divisor of s and 84.
14
Suppose 154 = 5*h - 12*s + 9*s, -3*s + 49 = 2*h. Suppose 4*q = -2*c + 124, -3*c + q = 6*q - 184. What is the highest common divisor of h and c?
29
Let n(d) = 5*d**2 + d. Let r be n(-2). Let k = 421 + -223. What is the greatest common factor of r and k?
18
Let g(i) = i**3 - 4*i**2 + 3*i - 7. Let s be g(4). Suppose 25 = s*k, -4*a + 44 = -6*k + 2*k. Calculate the highest common factor of a and 12.
4
Let z(g) = 23*g**2 - g. Let a be z(1). Suppose -82 + a = -h. Let y = 127 - 103. What is the highest common factor of y and h?
12
Let y(x) = x**3 + 7*x**2 - 8*x + 10. Let l be 4*(-2 + -3 + 3). Let k be y(l). Let m be (-456)/(-9) - 4/6. What is the greatest common divisor of m and k?
10
Suppose 4*x - 7*x + 4*g = 5, 0 = g + 1. Let q(j) = -3*j**2 - j**3 - 7 - 14 + 23. Let f be q(x). What is the greatest common divisor of 10 and f?
2
Suppose 5*d = 9*d - 808. Suppose 0 = -4*x + 4*g + 160, 2*g + d = 5*x + 2. Calculate the greatest common factor of x and 16.
8
Suppose 0 = 12*l - 35 + 311. Let z = l - -100. What is the highest common divisor of z and 11?
11
Let o be (-2)/(-3) + (-220)/6. Let v = o + 56. Let u(h) = 14*h + 2. Let b be u(2). Calculate the greatest common divisor of v and b.
10
Suppose -3*r = 108 - 336. Suppose 0 = -6*b + 4*b + 38. What is the greatest common divisor of r and b?
19
Let h = 43 + -20. Let o(q) = q**3 - 7*q**2 - 41*q - 10. Let p be o(11). What is the greatest common divisor of p and h?
23
Suppose 4*j + 5 = 25. Let k = j - 6. Let w be -2 + 23*(3 + k). Calculate the greatest common divisor of w and 4.
4
Let n(l) = l**2 + 6*l + 5. Let a be n(5). Suppose 92 - 86 = 2*g. Let p be (-4 - (-3 - g)) + 4. Calculate the greatest common divisor of a and p.
6
Let o(i) = -i**2 + 8*i + 65. Let y be o(13). Suppose -71 = -w + 5*a + 21, -w - 2*a + 64 = y. Calculate the greatest common factor of 54 and w.
18
Suppose -p + 45 = -2*y, -y = 2*p + 3*y - 106. Let c = -4 + 4. Suppose q + 2*d + 1 = c, -3*q + 8 = q + 5*d. What is the highest common factor of q and p?
7
Let i(v) = -37*v + 12. Let z be i(-4). Let x = z + -118. Calculate the highest common factor of 210 and x.
42
Let d = -27 - -57. Let j be (0 - 2041/(-169)) + 2/(-26). Calculate the greatest common divisor of j and d.
6
Suppose -431 = -10*x + 509. Calculate the highest common factor of 799 and x.
47
Let b be (0 + -4*1)*-5. Let d(u) = -u**3 - 6*u**2 + 3*u - 5. Let w be d(-7). Let h = 33 - w. What is the highest common factor of b and h?
10
Suppose k + 92 = 3*u, -3*k - k - 8 = 0. Suppose -5*q = -10*q + 20. Suppose -4*f - q*w + 80 = w, -2*f + 46 = 4*w. Calculate the highest common factor of u and f.
15
Suppose 0 = 42*g + 92 - 1352. 